{"id":636,"date":"2020-04-21T21:36:10","date_gmt":"2020-04-21T21:36:10","guid":{"rendered":"http:\/\/www.muksjantar.kalisz.pl\/?page_id=636"},"modified":"2020-06-04T23:14:17","modified_gmt":"2020-06-04T23:14:17","slug":"wladze-klubu","status":"publish","type":"page","link":"http:\/\/www.muksjantar.kalisz.pl\/?page_id=636","title":{"rendered":"W\u0142adze klubu"},"content":{"rendered":"\n<p>Prezes &#8211; Andrzej P\u0142\u00f3cienniczak<br>Wiceprezes &#8211; Grzegorz Szyma\u0144ski<br>Sekretarz &#8211; Agata P\u0142\u00f3cienniczak<\/p>\n\n\n\n<p><strong>Komisja Rewizyjna<br><\/strong>Przewodnicz\u0105cy &#8211; Krzysztof Porada<br>Cz\u0142onek &#8211; Patryk Raszewski<br>Cz\u0142onek &#8211; Dorota Michalska<\/p>\n","protected":false},"excerpt":{"rendered":"<p>Prezes &#8211; Andrzej P\u0142\u00f3cienniczakWiceprezes &#8211; Grzegorz Szyma\u0144skiSekretarz &#8211; Agata P\u0142\u00f3cienniczak Komisja RewizyjnaPrzewodnicz\u0105cy &#8211; Krzysztof PoradaCz\u0142onek &#8211; Patryk RaszewskiCz\u0142onek &#8211; Dorota Michalska<\/p>\n","protected":false},"author":1,"featured_media":0,"parent":0,"menu_order":0,"comment_status":"closed","ping_status":"closed","template":"","meta":{"footnotes":""},"class_list":["post-636","page","type-page","status-publish","hentry"],"_links":{"self":[{"href":"http:\/\/www.muksjantar.kalisz.pl\/index.php?rest_route=\/wp\/v2\/pages\/636","targetHints":{"allow":["GET"]}}],"collection":[{"href":"http:\/\/www.muksjantar.kalisz.pl\/index.php?rest_route=\/wp\/v2\/pages"}],"about":[{"href":"http:\/\/www.muksjantar.kalisz.pl\/index.php?rest_route=\/wp\/v2\/types\/page"}],"author":[{"embeddable":true,"href":"http:\/\/www.muksjantar.kalisz.pl\/index.php?rest_route=\/wp\/v2\/users\/1"}],"replies":[{"embeddable":true,"href":"http:\/\/www.muksjantar.kalisz.pl\/index.php?rest_route=%2Fwp%2Fv2%2Fcomments&post=636"}],"version-history":[{"count":2,"href":"http:\/\/www.muksjantar.kalisz.pl\/index.php?rest_route=\/wp\/v2\/pages\/636\/revisions"}],"predecessor-version":[{"id":728,"href":"http:\/\/www.muksjantar.kalisz.pl\/index.php?rest_route=\/wp\/v2\/pages\/636\/revisions\/728"}],"wp:attachment":[{"href":"http:\/\/www.muksjantar.kalisz.pl\/index.php?rest_route=%2Fwp%2Fv2%2Fmedia&parent=636"}],"curies":[{"name":"wp","href":"https:\/\/api.w.org\/{rel}","templated":true}]}}