{"id":1340,"date":"2025-08-17T07:15:57","date_gmt":"2025-08-17T07:15:57","guid":{"rendered":"http:\/\/www.muksjantar.kalisz.pl\/?page_id=1340"},"modified":"2025-08-19T18:26:51","modified_gmt":"2025-08-19T18:26:51","slug":"grafik-zajec","status":"publish","type":"page","link":"http:\/\/www.muksjantar.kalisz.pl\/?page_id=1340","title":{"rendered":"Grafik zaj\u0119\u0107 2025\/2026"},"content":{"rendered":"\n<p><strong>HARMONOGRAM ZAJ\u0118\u0106 sezon<\/strong><strong>&nbsp;2025\/2026<\/strong><\/p>\n\n\n\n<p><em><strong>Zaj\u0119cia odbywaj\u0105 si\u0119 w hali Zespo\u0142u Szk\u00f3\u0142 Gastronomicznych w Kaliszu, ul. D\u0142ugosza<\/strong><\/em> 14<\/p>\n\n\n\n<p><strong>Poniedzia\u0142ek godz. 16:30 \u2013 18:00<\/strong><br>minisiatk\u00f3wka klasy 3-7<\/p>\n\n\n\n<p><strong>Wtorek godz. 16:30 \u2013 18:30<\/strong><br>m\u0142odziczka<\/p>\n\n\n\n<p><strong>\u015aroda godz. 16:30 \u2013 18:00<\/strong><br>minisiatk\u00f3wka klasy 3-7<\/p>\n\n\n\n<p><strong>Czwartek godz. 16:30 \u2013 18:30<\/strong><br>m\u0142odziczka<\/p>\n\n\n\n<p><strong>Pi\u0105tek godz. 16:30 \u2013 18:30<\/strong><br>m\u0142odziczka<\/p>\n\n\n\n<p><strong>Podzia\u0142 na grupy \u2013 informacja u trener\u00f3w.<\/strong><\/p>\n","protected":false},"excerpt":{"rendered":"<p>HARMONOGRAM ZAJ\u0118\u0106 sezon&nbsp;2025\/2026 Zaj\u0119cia odbywaj\u0105 si\u0119 w hali Zespo\u0142u Szk\u00f3\u0142 Gastronomicznych w Kaliszu, ul. D\u0142ugosza 14 Poniedzia\u0142ek godz. 16:30 \u2013 18:00minisiatk\u00f3wka klasy 3-7 Wtorek godz. 16:30 \u2013 18:30m\u0142odziczka \u015aroda godz. 16:30 \u2013 18:00minisiatk\u00f3wka klasy 3-7 Czwartek godz. 16:30 \u2013 18:30m\u0142odziczka <a href=\"http:\/\/www.muksjantar.kalisz.pl\/?page_id=1340\" class=\"read-more\">Czytaj wi\u0119cej&#8230;<\/a><\/p>\n","protected":false},"author":1,"featured_media":0,"parent":0,"menu_order":0,"comment_status":"closed","ping_status":"closed","template":"","meta":{"footnotes":""},"class_list":["post-1340","page","type-page","status-publish","hentry"],"_links":{"self":[{"href":"http:\/\/www.muksjantar.kalisz.pl\/index.php?rest_route=\/wp\/v2\/pages\/1340","targetHints":{"allow":["GET"]}}],"collection":[{"href":"http:\/\/www.muksjantar.kalisz.pl\/index.php?rest_route=\/wp\/v2\/pages"}],"about":[{"href":"http:\/\/www.muksjantar.kalisz.pl\/index.php?rest_route=\/wp\/v2\/types\/page"}],"author":[{"embeddable":true,"href":"http:\/\/www.muksjantar.kalisz.pl\/index.php?rest_route=\/wp\/v2\/users\/1"}],"replies":[{"embeddable":true,"href":"http:\/\/www.muksjantar.kalisz.pl\/index.php?rest_route=%2Fwp%2Fv2%2Fcomments&post=1340"}],"version-history":[{"count":3,"href":"http:\/\/www.muksjantar.kalisz.pl\/index.php?rest_route=\/wp\/v2\/pages\/1340\/revisions"}],"predecessor-version":[{"id":1351,"href":"http:\/\/www.muksjantar.kalisz.pl\/index.php?rest_route=\/wp\/v2\/pages\/1340\/revisions\/1351"}],"wp:attachment":[{"href":"http:\/\/www.muksjantar.kalisz.pl\/index.php?rest_route=%2Fwp%2Fv2%2Fmedia&parent=1340"}],"curies":[{"name":"wp","href":"https:\/\/api.w.org\/{rel}","templated":true}]}}